v be l(9). What is the highest common factor of v and a?
15
Suppose 2*v = o + 1, 2 = v - 2*o - 6. Let l be v/(-9) - 690/(-54). Let b be (-1)/(-4) + 777/12. What is the highest common factor of b and l?
13
Let m be (-1*66)/((-2)/6). Let x = 11 + 7. Calculate the greatest common factor of x and m.
18
Let z be 20 + (0 + 0 - 0). Let p = -1 + 0. Let c = p + 11. What is the highest common divisor of c and z?
10
Suppose -2374 = -10*g - 534. Calculate the highest common factor of 23 and g.
23
Let p be -3 - (-3 + -18*1). Let t = 240 - 42. Calculate the greatest common divisor of p and t.
18
Let y(h) = h - 12. Let a be y(12). Suppose a = -v + s + 16, 4*s + 0*s = -v + 6. Calculate the highest common factor of v and 28.
14
Let l(h) = h**2 + 6*h + 2. Let a be l(-6). Suppose 89 + 39 = a*y. Let r be 32/(3 - (1 - 0)). What is the greatest common divisor of y and r?
16
Let b = -7 - -119. What is the greatest common factor of b and 16?
16
Suppose -7*v = -u - 2*v + 30, -4*u + 3*v + 35 = 0. What is the highest common factor of 25 and u?
5
Let o = -54 - -29. Let d be (-110)/o - (-4)/(-10). Calculate the greatest common divisor of d and 6.
2
Suppose -13*u + 3*u + 20 = 0. Calculate the highest common factor of 6 and u.
2
Let h be 0*1*(-1 + 0). Suppose h = d - 5*d + 36. Let w = -18 + 90. What is the greatest common factor of w and d?
9
Let h be -126*(85/(-15) + 5). What is the highest common divisor of 42 and h?
42
Let b be (1 - 1) + 103 - -1. Let g = -40 + 53. What is the highest common divisor of g and b?
13
Let u(n) = -n**2 + 8*n - 7. Let v be u(5). Suppose -3*a + v = -16. What is the greatest common factor of a and 2?
2
Suppose 93 - 57 = 6*a. Suppose 4*w - 51 = 3*o, 2*o + 41 = 3*w - 3*o. Let s = 27 - w. What is the greatest common factor of s and a?
3
Let y(p) be the second derivative of 19*p**4/4 + p**3/6 + p. Let k be y(-1). Let v be -4 + (-3 - -3*5). Calculate the greatest common divisor of k and v.
8
Let v be (1075/15 + 0)/((-1)/(-3)). Calculate the greatest common divisor of 43 and v.
43
Suppose i - 11 = z, -i + 3 = z - 8. Calculate the greatest common factor of 44 and i.
11
Suppose 4*k = 45 - 5. Calculate the greatest common factor of k and 50.
10
Let c be (-16)/3 - 5/(-15). Let p = -6 - c. Let r be 21*(p + 11/3). Calculate the highest common divisor of 7 and r.
7
Let y = 264 + -94. Suppose -5*j - 5 = -y. What is the highest common factor of 3 and j?
3
Let o be 21/(-35) - (-116)/10. Calculate the greatest common factor of o and 99.
11
Let g(h) = h**3 - 9*h**2 + 8*h + 1. Let w be g(8). What is the greatest common factor of 1 and w?
1
Suppose 3*a - 14 = 22. What is the highest common factor of 12 and a?
12
Let p(x) = 2*x**2 - 7*x + 4. Let z be p(4). Let q(n) = -3*n + 0*n + 11*n. Let y be q(3). What is the greatest common divisor of z and y?
8
Let n = -2 + 5. Let s = n + 9. What is the highest common factor of 18 and s?
6
Let t(p) = -p**3 + 8*p**2 + 5*p - 1. Let q be t(8). Calculate the greatest common factor of 52 and q.
13
Let b(t) = -3*t - 3. Let g be b(-3). Let l be ((-3)/g)/((-3)/18). Suppose -w = a - 19, l*w - 3*a - 7 = 68. What is the greatest common factor of 11 and w?
11
Let z(q) = 6*q**2 - 3*q + 44. Let y be z(6). Calculate the greatest common divisor of 22 and y.
22
Let f = 215 + -72. Suppose 5*d - 257 = -2*a - a, -3*d + a + f = 0. What is the highest common factor of 7 and d?
7
Suppose -4*x + 2*x = -50. Suppose 2*u = -5 + x. Suppose -2*a - 25 = -7*a. What is the greatest common factor of a and u?
5
Let c be (3/(-4))/((-3)/12). Suppose -2 = h, -5*h + 3*h = -c*k + 37. What is the highest common factor of 55 and k?
11
Let d(h) be the first derivative of -h**2/2 + 5*h - 1. Let c be (-68)/(-20) - (-4)/(-10). Let l be d(c). Calculate the greatest common factor of l and 5.
1
Let p(i) = -i**2 + 9*i. Let h be p(8). Let t = -3 + 6. Let s be -12*t*(-42)/27. What is the greatest common factor of h and s?
8
Let v = 5 + 7. Calculate the greatest common factor of 30 and v.
6
Suppose 11 = -2*l + 51. Let t be (-43)/(-9) - 2/(-9). What is the highest common factor of t and l?
5
Let f = 4 + 2. Let k(a) = -a + 5. Let v(n) = -n + 4. Let x(c) = -4*k(c) + 3*v(c). Let l be x(10). What is the highest common factor of f and l?
2
Suppose -4*m + 20 = -0*m. Suppose 0 = 2*u - 7*u + 125. What is the greatest common factor of m and u?
5
Let x(r) = 22*r**2 - r + 1. Let v be x(1). Suppose 2*u = -4*u + 1056. Calculate the greatest common divisor of u and v.
22
Let o = 19 - 12. Suppose -s + 4*p + 37 = 0, 2*s + o = -2*p + 41. What is the greatest common factor of s and 7?
7
Suppose 5*z = 7 + 3. Let m be (-3)/(-2)*1*2. What is the highest common factor of z and m?
1
Let z be (1 + 6)/(20/540). Calculate the highest common factor of z and 27.
27
Let m = 27 + -8. Calculate the greatest common factor of m and 19.
19
Let a(h) = -55*h + 2. Let k be a(-2). Let n = -461 - -475. Calculate the highest common factor of n and k.
14
Suppose 5*l - 4*y - 32 = 0, 3*l + 1 = 4*l + y. Calculate the highest common factor of l and 32.
4
Let p = 122 + -72. Suppose 4*r + 4*c - 5*c - 25 = 0, -4*c - 34 = -5*r. Let w = p - r. What is the greatest common divisor of 4 and w?
4
Let y be ((-3)/(-2))/(-1)*6*-1. Calculate the highest common divisor of y and 72.
9
Let f(k) = -k**2 - 8*k + 1. Let x be f(-7). Suppose -j - t = -4*t + x, 4*j = -5*t + 19. Calculate the greatest common factor of j and 7.
1
Let g(t) = -t**3 - 7*t**2 - 4*t - 7. Let d be g(-7). What is the highest common factor of d and 7?
7
Let m be (0 - 71/(-4)) + 6/24. Calculate the greatest common divisor of 126 and m.
18
Let z = 0 + 1. Suppose 0*n + n + 11 = 0. Let u = -2 - n. What is the highest common divisor of z and u?
1
Let g(y) = y**2 - 3*y - 2. Let u be g(6). Let j = -11 + u. Suppose -j*x - 201 = -551. Calculate the greatest common factor of 14 and x.
14
Suppose 2*z = -0*z + 8. Suppose 5*h + 3*t - 89 = -38, 3*h - t = 39. Calculate the greatest common divisor of h and z.
4
Suppose 2 = -f + 5, b = -5*f + 16. Let c be (b + 8)*6/(-9). Let h be (-4)/(-3)*(-315)/c. What is the highest common divisor of 28 and h?
14
Let k(y) = 17*y - 76. Let m be k(14). Calculate the greatest common factor of m and 18.
18
Let k(r) = -r**3 - 6*r**2 - 7*r + 3. Let p be k(-5). What is the greatest common factor of p and 13?
13
Suppose -5*k - 4*q + 18 + 222 = 0, -3*k + 144 = -q. Let o be 18/(-21)*28/(-2). What is the highest common factor of o and k?
12
Let d(g) = 4*g**2 - 9*g + 12. Let k(i) = 8*i**2 - 17*i + 23. Let x(j) = -11*d(j) + 6*k(j). Let f be x(5). What is the greatest common factor of f and 13?
13
Suppose 0*c = -5*c + 2*z + 13, -3*z = 4*c - 15. Calculate the greatest common divisor of c and 15.
3
Let g = 31 - -5. What is the highest common factor of 252 and g?
36
Let y be ((-38)/(-3))/(14/21). Let r = -10 + y. Let n be 72/(-10)*(-10)/2. Calculate the greatest common factor of r and n.
9
Let x be (-17)/(-5) + 2/(-5). Let d = x + -2. Suppose 2*a = 5*l - a + 10, -8 = 2*l - 2*a. Calculate the greatest common divisor of d and l.
1
Let f = -2 + 26. Let r be 134*1/(-4)*2. Let s = r - -127. What is the highest common factor of s and f?
12
Let i be 756/35 + ((-51)/(-15) - 3). Calculate the highest common divisor of 99 and i.
11
Suppose 9 + 3 = -2*z. Let p = 20 + z. What is the highest common factor of 56 and p?
14
Let j(i) = -i**2 - 5*i - 12. Let d be (-2)/(-3) + (-145)/15. Let f be j(d). Let v be ((-12)/16)/(2/f). Calculate the greatest common factor of 12 and v.
6
Suppose 13*p - 12*p = 0. Let w(m) = -m**2 + m + 88. Let h be w(p). What is the highest common factor of h and 11?
11
Let a be (-4 + 5 - -11) + -5. What is the greatest common divisor of a and 91?
7
Suppose 0 = -4*q + 5 + 59. What is the greatest common factor of q and 40?
8
Suppose -22 = -7*g + 97. Calculate the greatest common divisor of g and 68.
17
Let w be (-859)/(-6) - 1*3/18. Calculate the greatest common factor of 13 and w.
13
Let o(h) = 17*h - 19. Let k be o(17). Suppose 5*z = k + 45. Calculate the highest common divisor of 9 and z.
9
Let p = -4 - 4. Let i be (2 - p - -1) + -2. Calculate the greatest common factor of 72 and i.
9
Let s be 2*1*6/30*5. Suppose 10 = 3*j - 56. Calculate the highest common divisor of s and j.
2
Let t(x) = 2*x + 8. Let k be t(8). What is the greatest common factor of k and 